o base 12.
-42
90 (base 12) to base 4
1230
What is -3c5 (base 14) in base 12?
-535
Convert 87a (base 15) to base 10.
1915
What is -100113 (base 4) in base 7?
-3024
Convert -f34 (base 16) to base 9.
-5304
What is -3222123 (base 4) in base 11?
-102aa
Convert -386 (base 9) to base 8.
-501
Convert -15524 (base 6) to base 13.
-122b
-4373 (base 10) to base 7
-15515
Convert 2066 (base 11) to base 6.
20354
What is -3220223 (base 4) in base 8?
-35053
-2011212 (base 3) to base 12
-b05
Convert -2015 (base 6) to base 8.
-673
Convert -433 (base 12) to base 14.
-31d
What is 333 (base 12) in base 10?
471
-2431 (base 6) to base 12
-417
7b31 (base 12) to base 13
6322
Convert 7928 (base 13) to base 11.
117a5
What is -20860 (base 9) in base 15?
-4169
What is -544004 (base 6) in base 15?
-d4a7
Convert 5670 (base 10) to base 13.
2772
Convert 1131032 (base 4) to base 10.
5966
56678 (base 9) to base 4
21031220
3362 (base 9) to base 15
b0b
-22122211 (base 4) to base 14
-11793
What is 2334 (base 8) in base 5?
14434
What is 36 (base 13) in base 4?
231
-111401 (base 6) to base 3
-110221101
What is -144b (base 12) in base 15?
-a78
What is -701 (base 9) in base 3?
-210001
-27267 (base 9) to base 14
-6a1a
4277 (base 15) to base 3
201021211
What is -333666 (base 7) in base 2?
-1110011001110011
Convert -10201112 (base 3) to base 8.
-5232
Convert 31331001 (base 4) to base 16.
df41
Convert -455 (base 11) to base 9.
-664
-eb4 (base 16) to base 10
-3764
What is 43 (base 8) in base 7?
50
Convert -11c67 (base 14) to base 4.
-22221103
2b2 (base 14) to base 8
1044
12101102 (base 3) to base 5
111201
31798 (base 10) to base 6
403114
-165 (base 13) to base 14
-140
215120 (base 6) to base 12
a4a0
3300 (base 7) to base 10
1176
-1258 (base 9) to base 10
-944
What is 66240 (base 7) in base 8?
40316
What is 43501 (base 6) in base 14?
2297
3a1b (base 15) to base 16
3071
Convert 58d (base 14) to base 9.
1457
Convert 1557 (base 12) to base 7.
10222
Convert -4b8 (base 16) to base 12.
-848
Convert 842 (base 14) to base 12.
b36
Convert 23557 (base 9) to base 6.
200554
Convert -10134 (base 5) to base 3.
-220210
Convert -40442 (base 5) to base 15.
-b9c
-19b5a (base 12) to base 15
-b397
What is -17966 (base 10) in base 7?
-103244
What is 12120220 (base 3) in base 16?
fea
What is 688 (base 15) in base 11?
1124
Convert 20120 (base 3) to base 15.
bc
-110010110 (base 2) to base 6
-1514
a64 (base 14) to base 6
13252
-1435 (base 7) to base 9
-687
What is -145 (base 14) in base 9?
-315
Convert -d21 (base 14) to base 9.
-3473
Convert 131215 (base 6) to base 12.
6b0b
What is 3400 (base 11) in base 13?
2065
What is 812 (base 11) in base 12?
699
Convert 2079 (base 10) to base 3.
2212000
What is 962 (base 11) in base 2?
10010000101
Convert -1085 (base 13) to base 14.
-baa
Convert 11111011 (base 2) to base 9.
308
What is 460 (base 15) in base 14?
50a
What is 840 (base 11) in base 15?
477
13210 (base 4) to base 3
122221
-112200212 (base 3) to base 4
-2213123
Convert 1120312 (base 4) to base 7.
22402
-11233131 (base 4) to base 9
-35230
What is -31142 (base 7) in base 15?
-23d5
Convert 19a3a (base 11) to base 12.
14169
Convert -9c3 (base 13) to base 14.
-880
Convert -1446 (base 9) to base 16.
-447
What is 106 (base 9) in base 3?
10020
Convert -333 (base 9) to base 15.
-133
Convert 838 (base 10) to base 8.
1506
-600 (base 9) to base 2
-111100110
-41324 (base 6) to base 9
-7517
Convert 10001001000101 (base 2) to base 9.
13027
What is -53205 (base 6) in base 4?
-1300211
What is 37c5 (base 15) in base 16?
2e6d
What is 153015 (base 8) in base 15?
11382
Convert 435 (base 14) to base 16.
33f
-44 (base 8) to base 16
-24
32000120 (base 4) to base 16
e018
What is 123 (base 7) in base 6?
150
Convert -1c0 (base 15) to base 3.
-120000
What is 2220 (base 5) in base 2?
100110110
Convert 1027 (base 10) to base 8.
2003
Convert -103542 (base 6) to base 12.
-4bb2
46 (base 9) to base 13
33
What is -110366 (base 9) in base 4?
-100011321
-110001010010 (base 2) to base 15
-e04
-14b46 (base 14) to base 13
-1a650
What is 120223 (base 4) in base 16?
62b
Convert -2618 (base 11) to base 4.
-311033
What is a62 (base 13) in base 11?
136a
5a5 (base 13) to base 15
455
-35a7 (base 13) to base 2
-1110110010101
Convert -256 (base 13) to base 7.
-1123
Convert -30264 (base 8) to base 5.
-344333
What is -3070 (base 15) in base 5?
-311410
-1164 (base 14) to base 15
-d6d
What is -4302 (base 8) in base 5?
-32432
5ca (base 14) to base 5
14113
Convert -1222110 (base 3) to base 16.
-5a3
201 (base 11) to base 16
f3
-20553 (base 8) to base 10
-8555
-7533 (base 9) to base 15
-1993
-35a3 (base 11) to base 7
-16510
What is -136 (base 8) in base 13?
-73
-2032223 (base 4) to base 7
-35423
Convert 2340 (base 5) to base 7.
1002
764 (base 15) to base 10
1669
Convert 234133 (base 5) to base 9.
12801
10000100101111 (base 2) to base 6
103155
-55236 (base 7) to base 8
-33025
-211 (base 3) to base 4
-112
What is -1111100 (base 3) in base 14?
-57b
Convert -110302 (base 5) to base 8.
-7363
What is -1243 (base 11) in base 14?
-83a
Convert 4055 (base 6) to base 11.
748
What is -5c8 (base 13) in base 8?
-1761
Convert -1251 (base 6) to base 2.
-100111111
What is -213c (base 14) in base 15?
-1a78
Convert 50163 (base 9) to base 6.
412303
What is -b7d (base 15) in base 11?
-1a48
Convert -453 (base 8) to base 9.
-362
Convert 332144 (base 5) to base 16.
2d1d
What is -2000020222 (base 3) in base 12?
-1aa82
4a2 (base 14) to base 13
563
What is 3002 (base 9) in base 2?
100010001101
Convert -20310001 (base 4) to base 13.
-13579
a14b (base 12) to base 6
212535
What is 25b (base 16) in base 4?
21123
Convert -3212 (base 6) to base 12.
-508
Convert 1010 (base 6) to base 13.
141
Convert 327e (base 15) to base 16.
29c6
Convert -3300223 (base 4) to base 3.
-210010111
Convert -3879 (base 16) to base 10.
-14457
bd (base 15) to base 8
262
Convert 341 (base 12) to base 16.
1e1
908 (base 14) to base 7
5111
What is -10011 (base 4) in base 13?
-171
Convert 20210321 (base 4) to base 10.
35129
Convert 16823 (base 12) to base 11.
22289
Convert 94 (base 16) to base 7.
301
Convert 20454 (base 6) to base 13.
1351
What is 666 (base 10) in base 4?
22122
What is 1db62 (base 14) in base 6?
1345214
14 (base 14) to base 13
15
14324 (base 5) to base 14
62a
What is 551b (base 14) in base 2?
11100110000101
-110021 (base 3) to base 5
-2311
What is -30252 (base 6) in base 9?
-5425
1001100001101 (base 2) to base 6
34325
What is -1350 (base 12) in base 4?
-202230
-18aa (base 11) to base 10
-2419
2513 (base 9) to base 16
753
Convert -505 (base 12) to base 13.
-43a
Convert -416 (base 9) to base 2.
-101010011
What is -70405 (base 8) in base 9?
-43617
13300 (base 5) to base 16
433
6376 (base 8) to base 3
11120012
What is -41240 (base 6) in base 10?
-5496
What is 32d7 (base 16) in base 4?
3023113
What is -123 (base 10) in base 12?
-a3
What is 118 (base 10) in base 13?
91
Convert -552 (base 6) to base 5.
-1322
Convert 110000211 (base 3) to base 4.
2021002
748 (base 9) to base 6
2455
What is -201066 (base 7) in base 13?
-1262a
Convert -306 (base 13) to base 10.
-513
Convert -2aa9 (base 12) to base 3.
-20220010
What is -155301 (base 6) in base 14?
-58b3
Convert -8280 (base 9) to base 4.
-1132302
Convert -355 (base 8) to base 7.
-456
-8a8 (base 15) to base 8
-3646
-95d5 (base 16) to base 2
-1001010111010101
Convert 11010 (base 6) to base 12.
a66
Convert -2116 (base 8) to base 6.
-5034
Convert 10621 (base 10) to base 13.
4ab0
Convert 107770 (base 8) to base 5.
2134411
314414 (base 5) to base 12
6181
Convert -12211101 (base 3) to base 6.
-31401
What is -638 (base 14) in base 12?
-862
Convert -1301110 (base 4) to base 6.
-53324
What is -122 (base 6) in base 15?
-35
-100100 (base 3) to base 16
-fc
Convert -281 (base 13) to base 2.
-110111011
Convert 11111211 (base 3) to base 9.
4454
-1021021 (base 3) to base 13
-562
What is -6337 (base 10) in base 5?
-200322
Convert 17b (base 14) to base 15.
155
-11448 (base 9) to base 13
-3641
-1140 (base 10) to base 13
-699
What is -d4 (base 14) in base 16?
-ba
What is 271 (base 12) in base 6?
1421
-547d (base 14) to base 7
-60416
What is 9bb (base 12) in base 7?
4124
Convert -2119 (base 11) to base 6.
-20551
Convert 17a (base 16) to base 6.
1430
What is -17436 (base 8) in base 9?
-11831
What